{"id":5312,"date":"2022-08-21T20:00:08","date_gmt":"2022-08-21T18:00:08","guid":{"rendered":"https:\/\/emilianoamico.it\/?page_id=5312"},"modified":"2022-12-21T14:43:33","modified_gmt":"2022-12-21T13:43:33","slug":"contorni","status":"publish","type":"page","link":"https:\/\/emilianoamico.it\/home\/contorni\/","title":{"rendered":"Contorni"},"content":{"rendered":"\n<p>Ricette&nbsp;<em>contorni<\/em>.&nbsp;<em>Contorni<\/em>&nbsp;sfiziosi. Vi vengono sempre in mente i soliti banali&nbsp;<em>contorni<\/em>? Scatenate la fantasia per dare alle verdure uno sprint in pi\u00f9! <\/p>\n\n\n\n<figure class=\"wp-block-image size-large\"><img loading=\"lazy\" decoding=\"async\" width=\"960\" height=\"540\" src=\"https:\/\/emilianoamico.it\/wp-content\/uploads\/2022\/08\/Anteprima-Ricette-1-960x540.png\" alt=\"\" class=\"wp-image-5315\" srcset=\"https:\/\/emilianoamico.it\/wp-content\/uploads\/2022\/08\/Anteprima-Ricette-1-960x540.png 960w, https:\/\/emilianoamico.it\/wp-content\/uploads\/2022\/08\/Anteprima-Ricette-1-320x180.png 320w, https:\/\/emilianoamico.it\/wp-content\/uploads\/2022\/08\/Anteprima-Ricette-1-768x432.png 768w, https:\/\/emilianoamico.it\/wp-content\/uploads\/2022\/08\/Anteprima-Ricette-1-480x270.png 480w, https:\/\/emilianoamico.it\/wp-content\/uploads\/2022\/08\/Anteprima-Ricette-1.png 1280w\" sizes=\"auto, (max-width: 960px) 100vw, 960px\" \/><\/figure>\n\n\n\n<p>Sulla tavola accompagnano i nostri piatti con gusto e fantasia, esaltano le portate con semplicit\u00e0 e lo fanno davvero molto bene. Coi contorni ci si pu\u00f2 veramente sbizzarrire a mettere in tavola piatti di ogni genere che siano di carne, pesce o verdure.&nbsp;<\/p>\n\n\n\n<div style=\"height:80px\" aria-hidden=\"true\" class=\"wp-block-spacer\"><\/div>\n\n\n","protected":false},"excerpt":{"rendered":"<p>Ricette&nbsp;contorni.&nbsp;Contorni&nbsp;sfiziosi. Vi vengono sempre in mente i soliti banali&nbsp;contorni? Scatenate la fantasia per dare alle verdure uno sprint in pi\u00f9! Sulla tavola accompagnano i nostri piatti con gusto e fantasia, esaltano le portate con semplicit\u00e0 e lo fanno davvero molto bene. Coi contorni ci si pu\u00f2 veramente sbizzarrire a mettere in tavola piatti di ogni genere che siano di carne,&hellip;<\/p>\n","protected":false},"author":1,"featured_media":0,"parent":0,"menu_order":0,"comment_status":"closed","ping_status":"closed","template":"","meta":{"wprm-recipe-roundup-name":"","wprm-recipe-roundup-description":"","footnotes":""},"class_list":["post-5312","page","type-page","status-publish","hentry"],"_links":{"self":[{"href":"https:\/\/emilianoamico.it\/home\/wp-json\/wp\/v2\/pages\/5312","targetHints":{"allow":["GET"]}}],"collection":[{"href":"https:\/\/emilianoamico.it\/home\/wp-json\/wp\/v2\/pages"}],"about":[{"href":"https:\/\/emilianoamico.it\/home\/wp-json\/wp\/v2\/types\/page"}],"author":[{"embeddable":true,"href":"https:\/\/emilianoamico.it\/home\/wp-json\/wp\/v2\/users\/1"}],"replies":[{"embeddable":true,"href":"https:\/\/emilianoamico.it\/home\/wp-json\/wp\/v2\/comments?post=5312"}],"version-history":[{"count":6,"href":"https:\/\/emilianoamico.it\/home\/wp-json\/wp\/v2\/pages\/5312\/revisions"}],"predecessor-version":[{"id":6020,"href":"https:\/\/emilianoamico.it\/home\/wp-json\/wp\/v2\/pages\/5312\/revisions\/6020"}],"wp:attachment":[{"href":"https:\/\/emilianoamico.it\/home\/wp-json\/wp\/v2\/media?parent=5312"}],"curies":[{"name":"wp","href":"https:\/\/api.w.org\/{rel}","templated":true}]}}