{"id":229,"date":"2021-10-01T11:11:17","date_gmt":"2021-10-01T09:11:17","guid":{"rendered":"https:\/\/blog.giallozafferano.it\/emilianoamico\/?page_id=229"},"modified":"2022-08-22T00:44:26","modified_gmt":"2022-08-21T22:44:26","slug":"biografia-di-emiliano-amico","status":"publish","type":"page","link":"https:\/\/emilianoamico.it\/home\/biografia-di-emiliano-amico\/","title":{"rendered":"Qualcosa di me"},"content":{"rendered":"\n<p><strong>Ciao e benvenuto\/a nel mio mondo, tra cucina, piante e pelosetti!<\/strong><\/p>\n\n\n<div class=\"wp-block-image\">\n<figure class=\"alignleft size-large is-resized\"><img loading=\"lazy\" decoding=\"async\" src=\"https:\/\/emilianoamico.it\/wp-content\/uploads\/2022\/05\/1f7a0b6c-065a-4cae-acf9-3e884f20dcd5-e1651652542422-960x634.jpg\" alt=\"\" class=\"wp-image-3171\" width=\"348\" height=\"229\"\/><figcaption><strong>Molly &amp; Toby<\/strong><\/figcaption><\/figure>\n<\/div>\n\n\n<p class=\"has-drop-cap has-text-align-left\">\u201cCari amici, \u00e8 da un po\u2019 che pianifico di raccontarvi come ho vissuto e cosa ho fatto prima di intraprendere questo bel progetto. Non \u00e8 mai semplice descrivere la propria vita; parlare delle proprie esperienze e cosa si \u00e8 provato nel viverle. Ha un che di doloroso e svuotante allo stesso tempo. Sembra sempre di lasciare un non detto, par di creare un racconto in bianco e nero, fatto di eventi e scelte che spesso non arrivano direttamente al lettore come si vorrebbe, io vorrei darvi un calore diverso nel raccontarmi a voi. Ormai mi conoscete, non amo i filtri e mi piace essere verace. Vi prometto quindi che sar\u00f2 diretto e spontaneo anche nel descrivere la mia vita. <\/p>\n\n\n<div class=\"wp-block-image\">\n<figure class=\"alignright size-large is-resized\"><img loading=\"lazy\" decoding=\"async\" src=\"https:\/\/emilianoamico.it\/wp-content\/uploads\/2022\/05\/577b924e-09d1-4fcb-bad6-8a239482e953-960x1280.jpg\" alt=\"\" class=\"wp-image-3172\" width=\"275\" height=\"367\"\/><\/figure>\n<\/div>\n\n\n<p>Sono nato nel 1976, a Ragusa, potremmo dire da Ragusani DOP (sic), cos\u00ec per rimanere in tema culinario. Sin da piccolo sono stato cresciuto, \u201c<em>impastato<\/em>\u201c, nei sapori e nei colori della tradizione. Sono fatto di questo; \u201c<em>latte e miele<\/em>\u201d degli iblei, enunciava un antico scrittore. La genuinit\u00e0 e la semplicit\u00e0 della vita di quartiere hanno fatto parte di me sin dai miei primissimi anni. I miei genitori erano lavoratori e dedicavano molto tempo al lavoro cercando di donare il loro tempo migliore anche alla famiglia. I miei ricordi pi\u00f9 dolci sono pieni di frasi dialettali; i teatri della mia giovent\u00f9 sono colmi di discussioni con giovani e anziani sui sagrati delle chiese, nei vicoli e nelle stradine del capoluogo ibleo. Il me di allora era un ragazzo semplice, impreparato forse alle difficolt\u00e0. Quel giovane ragazzo, infatti, visse con grande nostalgia l\u2019allontanamento dalla terra di nascita. Quando ero ancora piccolo mio padre dovette cercar lavoro al Nord Italia, fu cos\u00ec che inizi\u00f2 un periodo molto tempestoso della mia vita. <\/p>\n\n\n<div class=\"wp-block-image\">\n<figure class=\"alignleft size-full is-resized\"><img loading=\"lazy\" decoding=\"async\" src=\"https:\/\/emilianoamico.it\/wp-content\/uploads\/2021\/11\/WhatsApp-Image-2021-11-22-at-17.02.48-2.jpeg\" alt=\"\" class=\"wp-image-1080\" width=\"266\" height=\"471\" srcset=\"https:\/\/emilianoamico.it\/wp-content\/uploads\/2021\/11\/WhatsApp-Image-2021-11-22-at-17.02.48-2.jpeg 578w, https:\/\/emilianoamico.it\/wp-content\/uploads\/2021\/11\/WhatsApp-Image-2021-11-22-at-17.02.48-2-271x480.jpeg 271w\" sizes=\"auto, (max-width: 266px) 100vw, 266px\" \/><\/figure>\n<\/div>\n\n\n<p class=\"has-text-align-left\">Dal dorato Barocco ibleo, colmo di estati afose e affollati pranzi familiari, mi ritrovai in una, stupenda, paurosa e fredda Torino. I miei ricordi ondeggiano tra la solitudine dei pomeriggi invernali con mia madre ai ricordi di una maestra che metteva in guardia i miei puri compagni sabaudi dal \u201c(\u2026)<em>piccolo e infido siciliano con la lupara<\/em>\u201c. Mio padre usciva presto la mattina e tornava tardi la sera, per spaccarsi la schiena come responsabile di una squadra edile. Io e mia madre non stavamo bene a Torino. Lasciai la scuola anche per questo, ma non abbandonai mai la mia voglia di studiare.<\/p>\n\n\n\n<p class=\"has-text-align-left\">Potete capire, ora, perch\u00e9 per me la tradizione \u00e8 molto rincuorante; rappresenta la costruzione metodica del futuro di una terra che non ho mai smesso di amare. Tornati a Ragusa, iniziai a lavorare presso un famoso negozio florovivaistico di Ragusa, che in 17 anni di onorata carriera mi ha insegnato moltissimo sul bello, sulla composizione floreale, sulle variet\u00e0 di piante e sullo sfruttamento lavorativo meridionale.<\/p>\n\n\n\n<p><\/p>\n\n\n\n<p><\/p>\n\n\n\n<p><\/p>\n\n\n\n<div class=\"wp-block-group\"><div class=\"wp-block-group__inner-container is-layout-flow wp-block-group-is-layout-flow\"><div class=\"wp-block-image\">\n<figure class=\"alignleft size-large is-resized\"><img loading=\"lazy\" decoding=\"async\" src=\"https:\/\/emilianoamico.it\/wp-content\/uploads\/2021\/11\/WhatsApp-Image-2021-11-22-at-17.03.52-960x877.jpeg\" alt=\"\" class=\"wp-image-1078\" width=\"222\" height=\"203\"\/><\/figure>\n<\/div><\/div><\/div>\n\n\n\n<p><\/p>\n\n\n\n<p><\/p>\n\n\n<div class=\"wp-block-image\">\n<figure class=\"alignright size-full is-resized\"><img loading=\"lazy\" decoding=\"async\" src=\"https:\/\/emilianoamico.it\/wp-content\/uploads\/2021\/11\/WhatsApp-Image-2021-11-22-at-17.02.48-3.jpeg\" alt=\"\" class=\"wp-image-1079\" width=\"221\" height=\"294\" srcset=\"https:\/\/emilianoamico.it\/wp-content\/uploads\/2021\/11\/WhatsApp-Image-2021-11-22-at-17.02.48-3.jpeg 768w, https:\/\/emilianoamico.it\/wp-content\/uploads\/2021\/11\/WhatsApp-Image-2021-11-22-at-17.02.48-3-320x427.jpeg 320w\" sizes=\"auto, (max-width: 221px) 100vw, 221px\" \/><\/figure>\n<\/div>\n\n\n<p class=\"has-text-align-left\">Nei miei vent\u2019anni mi sono avvicinato alla fede e alla cristianit\u00e0, declinata come zelo evangelico volto a comunicare la fede cristiana ai miei coetanei nei luoghi a loro familiari. Potrei raccontarvi delle mie formazioni per l\u2019evangelizzazione\u00a0 di strada, le mie esperienze di predicazione di catechesi, i raduni di preghiera e le belle esperienze, ma mi dilungherei troppo.<\/p>\n\n\n\n<p class=\"has-text-align-left\">Nel 2007 lascio il mio lavoro, capisco che ho bisogno di dedicarmi agli altri e di dare spazio alla mia creativit\u00e0. Mi dedico alla grafica, professione e passione che esercito ancora ora mettendola a servizio della comunicazione di quello che oggi porto avanti. Come in tutte le storie di vita c\u2019\u00e8 un altro imprevisto. Gli eventi precipitano. Arriva il 2008 e la crisi economica flagella il territorio, mio&nbsp;padre perde il lavoro. Io riesco a trovare solo una modesta professione in qualit\u00e0 di libraio. Mi sforzo di non abbattermi. Mi barcameno tra lavori part time, lavori nell\u2019accoglienza, combattendo contro mille incombenze e preoccupazioni.<\/p>\n\n\n<div class=\"wp-block-image\">\n<figure class=\"alignleft size-large is-resized\"><img loading=\"lazy\" decoding=\"async\" src=\"https:\/\/emilianoamico.it\/wp-content\/uploads\/2021\/11\/WhatsApp-Image-2021-11-22-at-17.02.48-1-960x960.jpeg\" alt=\"\" class=\"wp-image-1081\" width=\"217\" height=\"217\" srcset=\"https:\/\/emilianoamico.it\/wp-content\/uploads\/2021\/11\/WhatsApp-Image-2021-11-22-at-17.02.48-1-960x960.jpeg 960w, https:\/\/emilianoamico.it\/wp-content\/uploads\/2021\/11\/WhatsApp-Image-2021-11-22-at-17.02.48-1-320x320.jpeg 320w, https:\/\/emilianoamico.it\/wp-content\/uploads\/2021\/11\/WhatsApp-Image-2021-11-22-at-17.02.48-1-150x150.jpeg 150w, https:\/\/emilianoamico.it\/wp-content\/uploads\/2021\/11\/WhatsApp-Image-2021-11-22-at-17.02.48-1-768x768.jpeg 768w, https:\/\/emilianoamico.it\/wp-content\/uploads\/2021\/11\/WhatsApp-Image-2021-11-22-at-17.02.48-1.jpeg 1024w\" sizes=\"auto, (max-width: 217px) 100vw, 217px\" \/><\/figure>\n<\/div>\n\n\n<p>Da li e da questa fase di prova della mia vita, approdo alla Caritas Diocesana di Ragusa, dove finalmente trovo una professione che mi appaga a pieno. Passano anni di soddisfazioni lavorative e personali; con grande forza di volont\u00e0 mi diplomo al liceo delle scienze umane, inizio ad ottenere incarichi nella gestione dei corridoi umanitari, nell\u2019accoglienza e in progetti contro lo sfruttamento lavorativo.\u00a0Tramite questo passo posso finalmente coniugare il mio spirito rivolto al sociale con la mia fede. Un grande traguardo per me. Passa il tempo, arriva il dannato 2020. Un anno nero, un anno di disperazione e resilienza come mai prima nella mia vita. Mio padre si ammala di Covid-19 a Novembre 2020. Muore dopo poche settimane, dopo le rassicurazioni dei medici e le profuse pacche sulle spalle. Nella mia vita si apre un vuoto, un dolore straziante mi getta in un baratro. Come altre volte nella mia vita devo farmi forza per i miei cari, per mia madre e mia sorella. Con la preghiera, la forza e l\u2019aiuto di amici e amiche inestimabili riesco ad uscirne, ferito ma vivo.<\/p>\n\n\n\n<div class=\"wp-block-group alignfull\"><div class=\"wp-block-group__inner-container is-layout-flow wp-block-group-is-layout-flow\"><div class=\"wp-block-image\">\n<figure class=\"alignright size-large is-resized\"><img loading=\"lazy\" decoding=\"async\" src=\"https:\/\/emilianoamico.it\/wp-content\/uploads\/2021\/11\/WhatsApp-Image-2021-11-22-at-17.18.33-960x720.jpeg\" alt=\"\" class=\"wp-image-1084\" width=\"359\" height=\"269\" srcset=\"https:\/\/emilianoamico.it\/wp-content\/uploads\/2021\/11\/WhatsApp-Image-2021-11-22-at-17.18.33-960x720.jpeg 960w, https:\/\/emilianoamico.it\/wp-content\/uploads\/2021\/11\/WhatsApp-Image-2021-11-22-at-17.18.33-320x240.jpeg 320w, https:\/\/emilianoamico.it\/wp-content\/uploads\/2021\/11\/WhatsApp-Image-2021-11-22-at-17.18.33-768x576.jpeg 768w, https:\/\/emilianoamico.it\/wp-content\/uploads\/2021\/11\/WhatsApp-Image-2021-11-22-at-17.18.33.jpeg 1024w\" sizes=\"auto, (max-width: 359px) 100vw, 359px\" \/><\/figure>\n<\/div><\/div><\/div>\n\n\n\n<p class=\"has-text-align-left\">La mia passione per la cucina \u00e8 sempre stata li, nello sfondo. Era proprio dai miei primi anni in qualit\u00e0 di obiettore di coscienza che iniziai a dedicare del tempo alla cucina in generale; etnica, italiana, gourmet o tradizionale che fosse. In quel momento di buio, cap\u00ec che nella mia vita mancava un afflato di giovialit\u00e0 e leggerezza. Mancava il donarmi momenti di spensieratezza, momenti di condivisione in cui poter parlare delle mie passioni, in cui poter incorniciare le mie amicizie. Un hobby, una passione da coltivare che non fosse lavoro, che fosse semplice e rivolta alla tradizione e al nuovo come suo figlio diretto.<br>Decido di dedicarmi al cibo, cibo inteso come nutrimento, cibo come conservare e rendere partecipi. Cibo come conservazione della tradizione nostrana. Sono Foodblogger e Green Blogger dal 2018 ma solo da poco ho deciso di strutturarmi. Ho una grandissima passione che \u00e8 la Cucina, passione che nasce inizialmente da piccolo come semplice curiosit\u00e0 nell\u2019osservare mia nonna mentre preparava il pane e le focacce fatte in casa. Il mio desiderio \u00e8 quello di conservare le ricette della mia tradizione, dei nonni e della mia terra, la Sicilia.\u00a0<br>Nel 2021 ho quindi deciso di creare questo canale su cui mi leggete. Ora sento il senso di questo lavoro e di tutto il percorso che ho fatto. Sono felicissimo di condividere con tutti voi la mia passione, di rendervi partecipi e nel mio piccolo, di regalarvi un momento di gioia dietro ai fornelli. No, non di solo pane vive l\u2019uomo. Cos\u00ec recita l\u2019adagio a cui voglio rispondere. Pensiamo quindi alla cucina come qualcosa di diverso. Essa \u00e8 processo creativo e conoscitivo, un processo che raggruppa la comunit\u00e0 e le sue tradizioni e allo stesso tempo le valorizza. Per me cucina \u00e8 amore e relazione oltre che semplicit\u00e0 e genuinit\u00e0. Spero di trasmettervi questo amore pienamente.<br>Si, quindi, viviamo anche per la cucina e per il nutrimento che da alle nostre vite\u201d.<\/p>\n\n\n\n<p><strong>Emiliano<\/strong><\/p>\n","protected":false},"excerpt":{"rendered":"<p>Ciao e benvenuto\/a nel mio mondo, tra cucina, piante e pelosetti! \u201cCari amici, \u00e8 da un po\u2019 che pianifico di raccontarvi come ho vissuto e cosa ho fatto prima di intraprendere questo bel progetto. Non \u00e8 mai semplice descrivere la propria vita; parlare delle proprie esperienze e cosa si \u00e8 provato nel viverle. Ha un che di doloroso e svuotante&hellip;<\/p>\n","protected":false},"author":1,"featured_media":1641,"parent":0,"menu_order":0,"comment_status":"closed","ping_status":"closed","template":"","meta":{"wprm-recipe-roundup-name":"","wprm-recipe-roundup-description":"","footnotes":""},"class_list":["post-229","page","type-page","status-publish","has-post-thumbnail","hentry"],"_links":{"self":[{"href":"https:\/\/emilianoamico.it\/home\/wp-json\/wp\/v2\/pages\/229","targetHints":{"allow":["GET"]}}],"collection":[{"href":"https:\/\/emilianoamico.it\/home\/wp-json\/wp\/v2\/pages"}],"about":[{"href":"https:\/\/emilianoamico.it\/home\/wp-json\/wp\/v2\/types\/page"}],"author":[{"embeddable":true,"href":"https:\/\/emilianoamico.it\/home\/wp-json\/wp\/v2\/users\/1"}],"replies":[{"embeddable":true,"href":"https:\/\/emilianoamico.it\/home\/wp-json\/wp\/v2\/comments?post=229"}],"version-history":[{"count":31,"href":"https:\/\/emilianoamico.it\/home\/wp-json\/wp\/v2\/pages\/229\/revisions"}],"predecessor-version":[{"id":5323,"href":"https:\/\/emilianoamico.it\/home\/wp-json\/wp\/v2\/pages\/229\/revisions\/5323"}],"wp:featuredmedia":[{"embeddable":true,"href":"https:\/\/emilianoamico.it\/home\/wp-json\/wp\/v2\/media\/1641"}],"wp:attachment":[{"href":"https:\/\/emilianoamico.it\/home\/wp-json\/wp\/v2\/media?parent=229"}],"curies":[{"name":"wp","href":"https:\/\/api.w.org\/{rel}","templated":true}]}}